the prime factors of 557?
557
List the prime factors of 48852.
2, 3, 23, 59
What are the prime factors of 11495?
5, 11, 19
What are the prime factors of 2434?
2, 1217
List the prime factors of 49276.
2, 97, 127
List the prime factors of 14602.
2, 7, 149
List the prime factors of 24594.
2, 3, 4099
List the prime factors of 534.
2, 3, 89
What are the prime factors of 34249?
29, 1181
List the prime factors of 32724.
2, 3, 101
List the prime factors of 14030.
2, 5, 23, 61
What are the prime factors of 38803?
38803
What are the prime factors of 10723?
10723
List the prime factors of 33328.
2, 2083
List the prime factors of 36418.
2, 131, 139
List the prime factors of 1286.
2, 643
What are the prime factors of 32564?
2, 7, 1163
What are the prime factors of 140?
2, 5, 7
What are the prime factors of 4223?
41, 103
What are the prime factors of 2032?
2, 127
What are the prime factors of 2610?
2, 3, 5, 29
List the prime factors of 36966.
2, 3, 61, 101
What are the prime factors of 2616?
2, 3, 109
List the prime factors of 74214.
2, 3, 7, 19, 31
List the prime factors of 6098.
2, 3049
What are the prime factors of 7995?
3, 5, 13, 41
List the prime factors of 7558.
2, 3779
What are the prime factors of 359?
359
What are the prime factors of 7094?
2, 3547
What are the prime factors of 7826?
2, 7, 13, 43
What are the prime factors of 72178?
2, 151, 239
What are the prime factors of 805?
5, 7, 23
What are the prime factors of 5348?
2, 7, 191
List the prime factors of 129124.
2, 19, 1699
List the prime factors of 7115.
5, 1423
List the prime factors of 1284.
2, 3, 107
What are the prime factors of 24604?
2, 6151
List the prime factors of 21422.
2, 10711
What are the prime factors of 39978?
2, 3, 2221
What are the prime factors of 24533?
24533
List the prime factors of 748.
2, 11, 17
What are the prime factors of 33851?
33851
List the prime factors of 145.
5, 29
What are the prime factors of 2322?
2, 3, 43
List the prime factors of 109000.
2, 5, 109
List the prime factors of 2435.
5, 487
What are the prime factors of 4399?
53, 83
What are the prime factors of 25813?
83, 311
What are the prime factors of 1280?
2, 5
What are the prime factors of 288?
2, 3
List the prime factors of 1630.
2, 5, 163
What are the prime factors of 1456?
2, 7, 13
What are the prime factors of 9229?
11, 839
List the prime factors of 1768.
2, 13, 17
List the prime factors of 70170.
2, 3, 5, 2339
List the prime factors of 4984.
2, 7, 89
What are the prime factors of 2432?
2, 19
What are the prime factors of 4559?
47, 97
List the prime factors of 2434.
2, 1217
List the prime factors of 214.
2, 107
What are the prime factors of 5175?
3, 5, 23
List the prime factors of 17556.
2, 3, 7, 11, 19
What are the prime factors of 1106?
2, 7, 79
List the prime factors of 470.
2, 5, 47
What are the prime factors of 15926?
2, 7963
What are the prime factors of 3989?
3989
List the prime factors of 1332.
2, 3, 37
List the prime factors of 163120.
2, 5, 2039
What are the prime factors of 206930?
2, 5, 20693
What are the prime factors of 1154?
2, 577
List the prime factors of 731.
17, 43
List the prime factors of 54361.
54361
What are the prime factors of 13256?
2, 1657
What are the prime factors of 5419?
5419
What are the prime factors of 1538?
2, 769
What are the prime factors of 8457?
3, 2819
What are the prime factors of 5218?
2, 2609
What are the prime factors of 992?
2, 31
List the prime factors of 8937.
3, 331
List the prime factors of 18276.
2, 3, 1523
What are the prime factors of 1908?
2, 3, 53
What are the prime factors of 15538?
2, 17, 457
List the prime factors of 29506.
2, 14753
What are the prime factors of 9694?
2, 37, 131
What are the prime factors of 13503?
3, 7, 643
What are the prime factors of 23277?
3, 7759
List the prime factors of 21172.
2, 67, 79
What are the prime factors of 3496?
2, 19, 23
What are the prime factors of 470?
2, 5, 47
What are the prime factors of 1588?
2, 397
List the prime factors of 4286.
2, 2143
List the prime factors of 8384.
2, 131
What are the prime factors of 22500?
2, 3, 5
What are the prime factors of 634?
2, 317
What are the prime factors of 17424?
2, 3, 11
What are the prime factors of 10138?
2, 37, 137
List the prime factors of 196923.
3, 41, 1601
List the prime factors of 44460.
2, 3, 5, 13, 19
What are the prime factors of 3017?
7, 431
List the prime factors of 1456.
2, 7, 13
What are the prime factors of 25750?
2, 5, 103
List the prime factors of 224.
2, 7
What are the prime factors of 3265?
5, 653
List the prime factors of 1035.
3, 5, 23
What are the prime factors of 2503?
2503
What are the prime factors of 923?
13, 71
What are the prime factors of 9360?
2, 3, 5, 13
List the prime factors of 1453.
1453
List the prime factors of 307.
307
List the prime factors of 26975.
5, 13, 83
What are the prime factors of 1692?
2, 3, 47
What are the prime factors of 7155?
3, 5, 53
What are the prime factors of 2097?
3, 233
List the prime factors of 49184.
2, 29, 53
List the prime factors of 4981.
17, 293
List the prime factors of 13925.
5, 557
List the prime factors of 443.
443
What are the prime factors of 847?
7, 11
What are the prime factors of 1341?
3, 149
List the prime factors of 1229.
1229
List the prime factors of 228.
2, 3, 19
List the prime factors of 21195.
3, 5, 157
What are the prime factors of 4182?
2, 3, 17, 41
List the prime factors of 777.
3, 7, 37
What are the prime factors of 20531?
7, 419
What are the prime factors of 1915?
5, 383
List the prime factors of 4757.
67, 71
What are the prime factors of 1111?
11, 101
List the prime factors of 15568.
2, 7, 139
List the prime factors of 1193.
1193
What are the prime factors of 938?
2, 7, 67
What are the prime factors of 6911?
6911
What are the prime factors of 32789?
32789
List the prime factors of 2175.
3, 5, 29
What are the prime factors of 1313?
13, 101
List the prime factors of 7766.
2, 11, 353
List the prime factors of 1091.
1091
What are the prime factors of 7063?
7, 1009
What are the prime factors of 2487?
3, 829
List the prime factors of 2463.
3, 821
List the prime factors of 4768.
2, 149
List the prime factors of 15294.
2, 3, 2549
List the prime factors of 1028.
2, 257
What are the prime factors of 3304?
2, 7, 59
What are the prime factors of 6527?
61, 107
What are the prime factors of 419?
419
What are the prime factors of 157?
157
What are the prime factors of 16478?
2, 7, 11, 107
What are the prime factors of 636?
2, 3, 53
List the prime factors of 696.
2, 3, 29
List the prime factors of 1331.
11
What are the prime factors of 4902?
2, 3, 19, 43
What are the prime factors of 44846?
2, 17, 1319
What are the prime factors of 1669?
1669
What are the prime factors of 1690?
2, 5, 13
What are the prime factors of 8613?
3, 11, 29
List the prime factors of 1011.
3, 337
What are the prime factors of 3209?
3209
What are the prime factors of 51386?
2, 25693
List the prime factors of 7023.
3, 2341
List the prime factors of 6866.
2, 3433
List the prime factors of 9.
3
List the prime factors of 4975.
5, 199
List the prime factors of 1296.
2, 3
What are the prime factors of 5462?
2, 2731
List the prime factors of 1736.
2, 7, 31
List the prime factors of 4096.
2
List the prime factors of 6261.
3, 2087
What are the prime factors of 3467?
3467
List the prime factors of 2891.
7, 59
What are the prime factors of 14254?
2, 7127
List the prime factors of 37201.
37201
List the prime factors of 39109.
7, 37, 151
List the prime factors of 118.
2, 59
What are the prime factors of 7410?
2, 3, 5, 13, 19
What are the prime factors of 13862?
2, 29, 239
List the prime factors of 9528.
2, 3, 397
List the prime factors of 13402.
2, 6701
List the prime factors of 1389.
3, 463
What are the prime factors of 1433?
1433
List the prime factors of 3906.
2, 3, 7, 31
List the prime factors of 4194.
2, 3, 233
What are the prime factors of 25827?
3, 8609
What are the prime factors of 321?
3, 107
What are the prime factors of 1172?
2, 293
List the prime factors of 16467.
3, 11, 499
What are the prime factors of 2004?
2, 3, 167
List the prime factors of 474.
2, 3, 79
List the prime factors of 45363.
3, 15121
What are the prime factors of 33163?
13, 2551
What are the prime factors of 17617?
79, 223
What are the prime factors of 